= u + -41. Suppose -m + s = -6. Calculate the greatest common factor of 6 and m.
6
Suppose 0 = 47*s - 39*s - 415 - 465. Suppose 2*r - 15 = 51. What is the highest common divisor of r and s?
11
Suppose 3*w = -3*w - 18. Let v be (2/w)/(4 - 268/66). Let j(y) = -120*y**3 - 2*y**2 - 5*y - 2. Let i be j(-1). Calculate the highest common divisor of v and i.
11
Let x(o) = -32*o - 26. Let a be x(-2). Let g = -514 + 761. Calculate the highest common divisor of g and a.
19
Suppose 0 = -5*x - 20, -x = 4*s + 3*x - 448. Let o = 136 - s. What is the greatest common divisor of o and 16?
4
Suppose -4*m = -v - 609, 0 = v + 3*v + 4. Let z = 164 - m. Suppose -5*x + 40 + 0 = 0. What is the highest common divisor of x and z?
4
Let g be 7770/(-63)*48/(-40). Let i(p) = p - 70. Let a be i(0). Let x = g + a. Calculate the highest common divisor of x and 6.
6
Let g = -4 - -14. Let x(i) = -2*i**2 + 33*i + 21. Let w = -1014 + 1031. Let o be x(w). Calculate the highest common divisor of g and o.
2
Suppose 0 = 3*u - 5*s - 688, -313*s + 1152 = 5*u - 316*s. Calculate the greatest common factor of 891 and u.
33
Let w(z) = -6*z**2 - 2*z**2 - z**2 + 15*z**3 + 11*z**2 + 2 - 4*z + 18*z**3. Let k be w(1). What is the greatest common divisor of 132 and k?
33
Let v be (-1 - 4) + (7 - (-485)/5). Let p = v + 120. What is the highest common divisor of p and 292?
73
Let k = 17334 - 11826. What is the greatest common divisor of 108 and k?
108
Let l(a) = 13*a - 186. Suppose -240 = 75*g - 91*g. Let h be l(g). What is the highest common factor of h and 72?
9
Let o(m) be the third derivative of -m**5/60 + m**4/3 - 5*m**3/6 - m**2 + 4*m. Let c be o(6). Calculate the highest common factor of c and 35.
7
Suppose 4*o = 5*o - 11. Let t(l) = 7*l**2 + 15*l - 67. Let z be t(-5). What is the greatest common divisor of o and z?
11
Let s be (-8 + -10)*(-364)/(-78)*(0 + -9). What is the greatest common divisor of s and 7749?
189
Let x be -6*(-366 + 3) + (-3)/(-6)*10. Calculate the highest common divisor of 295 and x.
59
Suppose -6*w + 4*w + 45 = f, 4*f + 12 = 0. Let x = -24 + w. Let c be 826/14 - (x + 2)*1. What is the greatest common divisor of c and 76?
19
Let q be 14/(-77) + 46/11. Let k(i) = -i**2 + 2*i - 2. Let f be k(q). Let h be f/((-70)/75 - (-3)/5). What is the highest common divisor of 15 and h?
15
Let c be 87 - ((11 - 2 - 5) + -13). Calculate the highest common divisor of c and 4448.
32
Suppose 9920 = -10*r - 21*r. Let q = r - -362. What is the highest common divisor of q and 189?
21
Let x = 174 - 34. Suppose x = 37*z - 30*z. What is the greatest common factor of 6 and z?
2
Suppose 2*j - 23 = -5*d, -4*d + 3*j = -14 - 9. Let c be 101 + (d - (2 - -6)). Calculate the highest common factor of c and 28.
14
Suppose 2*a - 36 = -4*d, -d + 0*d = 5*a - 135. Let h be (-8)/36 + 477318/1026 + 44/4. What is the highest common factor of h and a?
28
Let n(r) = r**2 + 3*r + 9. Let b be n(-6). Suppose b*h = 24*h + 45. Suppose 16*p - 1162 = 758. What is the highest common divisor of p and h?
15
Suppose -4*b + 3*o - 4*o = -45, -25 = -2*b - 3*o. Let a = -125 - -169. Calculate the greatest common factor of b and a.
11
Suppose -3*r = -23*r + 1540. Suppose -5*k = v - 77, 0 = -v - 0*v + 5*k + r. Suppose 2*b - 6*b = -44. What is the greatest common divisor of v and b?
11
Suppose 5*h - 2*v - 31255 = 10585, -16747 = -2*h + 3*v. Calculate the highest common factor of h and 235.
47
Let g be (-14)/(210/171)*-45. Calculate the highest common divisor of g and 864.
27
Let w(n) = 7*n + 37. Let a be w(7). Let b(t) = t**3 - 12*t**2 - 5*t. Let m be b(13). Let x = m + -61. Calculate the highest common divisor of a and x.
43
Suppose 30*v - 1783 - 15897 = 4*v. Calculate the greatest common divisor of v and 595.
85
Suppose 2*k + k - 105 = 0. Let f(o) = -4*o**3 + 2*o**2 - 8*o + 11. Let w be f(5). Let i = -339 - w. What is the greatest common divisor of k and i?
35
Let i = 22098 + -18089. Calculate the greatest common divisor of 844 and i.
211
Let s be 21*-1*6/12*-2. Suppose 4 + 1 = o, -106 = -2*w + 4*o. What is the highest common divisor of w and s?
21
Let b(w) = 2*w**2 - 5*w + 1. Let v be b(2). Let p be (18 - 17) + v + 8. Let a be (-106 + -2)*(-4)/p. Calculate the highest common factor of 9 and a.
9
Suppose 0 = -55*y + 27359 + 22636. What is the greatest common divisor of 117 and y?
9
Let h(g) = -7*g + 14*g - 3*g + 378 - 15 + 19*g. Let z be h(44). Calculate the greatest common factor of 11 and z.
11
Suppose -3*h - 1 = -i - 0*h, -23 = -5*i - 3*h. Suppose n = -i*u + 52, 7 = u + 3*n - 6. Calculate the highest common divisor of 416 and u.
13
Suppose -2*w = 2*z - 48, 3*w - 190 = 6*z - 64. What is the greatest common factor of w and 2090?
10
Let v(f) = -f**3 + 56*f**2 - 156*f - 120. Let c be v(53). What is the highest common factor of 1391 and c?
13
Let k(x) = 520*x - 1987. Let z be k(18). Calculate the highest common factor of z and 146.
73
Let o be 68/(-238) + (-9046)/(-7). What is the highest common factor of o and 136?
68
Suppose -24*k + 29*k - 29845 = 2*g, -2*k + 11929 = g. Calculate the highest common divisor of 27 and k.
27
Let r(c) = 3*c - 40 - 13*c - 5 + 4*c. Let g be r(-17). What is the highest common divisor of 114 and g?
57
Suppose 70 = -260*g + 262*g. Let f(k) = 19*k**3 + 5*k**2 + 3*k + 3. Let i be f(-3). Let h = -229 - i. What is the greatest common factor of g and h?
35
Let h be -135*((-250)/15 - (21 - 13)). What is the greatest common factor of h and 540?
90
Suppose 5*m - 3*r - 145 = 0, -m - 5*r = 2*m - 53. Let c be (57/3)/(26/338). What is the greatest common factor of m and c?
13
Let j = 18052 - 17972. Let r be -33*(-1 - (-4)/2). Let d be -2*r/2 + -1. What is the greatest common divisor of j and d?
16
Let a = 1217 + -1213. What is the highest common factor of 2452 and a?
4
Suppose -4*b = 24 + 12. Let z(v) = 124*v + 97. Let p be z(-1). Let o = b - p. What is the greatest common factor of o and 12?
6
Let a(n) = 89*n**2 - 8*n + 15. Let l be a(-6). Calculate the greatest common factor of l and 54.
27
Let i = -36 - -108. Let w(l) = 37 - 8*l + 7 + 4*l. Let k be w(5). What is the highest common divisor of i and k?
24
Suppose 3 = 5*t - 67. Suppose -2 = 3*k - t. Let j = 12639 + -12607. What is the highest common factor of j and k?
4
Suppose -h + 4 = 3*p + 6, 2*p - 32 = -4*h. Let b be (h + -6)*(1 + 0). Suppose 99*t = 90*t + 324. Calculate the highest common divisor of b and t.
4
Let u(a) = 2*a**3 + 28*a**2 + 8*a + 43. Let z be u(-13). Suppose 9*s - 47 = z. Calculate the highest common divisor of s and 24.
12
Let g = 1671 + -1590. Calculate the highest common factor of 999 and g.
27
Let j(u) = 2*u**2 - 21*u - 113. Let h be j(-7). Calculate the highest common factor of 24 and h.
12
Let y be 30/(-45) - (-17)/3. Suppose -z + 267 = n - 279, 2166 = 4*n - y*z. What is the highest common factor of n and 32?
32
Let d(b) = b**3 - 34*b**2 + 31*b + 246. Let w be d(33). What is the greatest common divisor of 2760 and w?
60
Let r = 1213 + -1201. Let w be (1 - -203) + (9 - 9). Calculate the highest common factor of r and w.
12
Let d(i) = 751*i + 6100. Let y be d(-8). What is the greatest common divisor of 391 and y?
23
Suppose 3*a + 12 = 0, 3*w - 39 = -4*a - 7. Let y(s) = -2*s - 4. Let m be y(-4). Calculate the highest common factor of m and w.
4
Suppose -3*t = 4*g - 68, 2*g - 44 = -2*g + 3*t. Let l be (-1 + 106)*1650/375. Calculate the highest common divisor of g and l.
14
Let w be (-2)/(-2) - (-16 - -12) - -40. Let v be 1188/55*(13/2 - 4). What is the highest common factor of w and v?
9
Suppose 6*y = 2*y + 1117 - 581. Calculate the greatest common divisor of y and 6499.
67
Suppose 4*g - 2*w = 8*g - 3654, 5*w = 3*g - 2760. Calculate the greatest common factor of 75 and g.
15
Suppose 7395*q - 7406*q + 4917 = 0. Calculate the highest common divisor of q and 63.
3
Suppose -j = j - 1166. Suppose 9 = 4*c - j. Calculate the highest common factor of 4 and c.
4
Let j = 52 + -54. Let m be j/8 + (-129)/(-4). Let u be m/(-56)*(805/(-2))/5. Calculate the highest common factor of 184 and u.
46
Suppose 160 = 1113*n - 1093*n. Calculate the greatest common factor of 668 and n.
4
Suppose -3*v + 2*a + 45 = -3*a, 2*v + a - 43 = 0. Suppose -1141 - 3339 = -v*q. What is the highest common divisor of 14 and q?
14
Let g(h) = -h**3 - 36*h**2 - 64*h - 661. Let y be g